e w(-7). Let u(y) = -3*y - 5 + 4*y + 0. Determine u(s).
-2
Let k(n) = -n**2 + 2*n**2 - 93*n + 94*n. Calculate k(2).
6
Suppose 3*t - t = 0. Let q(l) be the second derivative of -l + t - 1/6*l**3 - l**2. Calculate q(-5).
3
Let a(f) = f - 1 - f - f**3 + f. Let v be (-3 + -19)/(2 - 1). Let x = -21 - v. Give a(x).
-1
Let w(u) = -u**3 - 5*u**2 - 5*u - 6. Let c(r) be the third derivative of r**5/60 + r**3/3 - 4*r**2. Let p be c(0). Suppose -p*l - 1 - 7 = 0. Calculate w(l).
-2
Suppose 0 = -5*u - 10, 2*u + 3*u + 10 = p. Let f(v) be the second derivative of 1/4*v**4 + p*v**3 - v - 1/20*v**5 - 1/2*v**2 + 0. Calculate f(2).
3
Let o(l) = 3*l + 4. Suppose -4*b + 5*x = -12, b = -4*b + x + 15. Let i(c) = 4*c + 4. Let m(r) = b*o(r) - 2*i(r). Determine m(-2).
2
Let j(v) be the third derivative of -v**7/2520 - v**6/120 + v**5/40 - v**4/4 + 7*v**2. Let t(h) be the second derivative of j(h). Give t(-6).
3
Suppose -2 = 4*t - 5*t. Let y be t/(-4) - (-11)/2. Let b(a) = -a**2 + 4*a + 4. Give b(y).
-1
Let z(m) = -m + 1. Let k(q) = q**2 - 3*q - 4. Let c be k(5). Let t(d) = -2*d - d**3 - c*d**2 - 2*d - 5 + 3*d. Let i be t(-6). What is z(i)?
0
Let z(h) be the second derivative of h**4/12 + h**3/3 - 5*h**2/2 + 20*h. What is z(-4)?
3
Let c(u) = -u. Suppose 6*l = -79 + 103. What is c(l)?
-4
Let c(b) = b + b**3 + 4*b**2 + 0 - 5 - 2*b - 5*b**2. Let d(f) = -6*f - 5 - f**2 + 3 - 3. Let k be d(-5). What is c(k)?
-5
Let t(i) = -4*i - 5 + 0*i + 5*i + i**2 + 3*i. Determine t(-6).
7
Let v(w) = -w**2 + 5*w + 1. Let u be v(4). Let r = -5 + 8. Let q(d) = -r*d**3 - 2 + 4*d**3 - d - 7*d**2 + 9 + 2*d**2. Determine q(u).
2
Suppose 0*y - 4*y + 8 = 0. Let d(s) = s**y + 21*s - s**2 - s**2 + 7 - 27*s. Determine d(-5).
12
Let o(c) = -6 - c - 4*c + 4*c. Calculate o(0).
-6
Let a = -8 - -14. Let s(f) = 0*f - f - a - 2*f. Let b(n) = 7*n + 11. Let o(c) = 2*b(c) + 5*s(c). What is o(-5)?
-3
Let d = 4 + -2. Let a(w) = -2 + d*w + 3 - 2. Determine a(1).
1
Let o(v) = v**3 - v - 4. Suppose b - 5*b = 40. Let z be (4/(-3))/(124/30 - 4). Let x = z - b. Determine o(x).
-4
Suppose 5*y + 15 = -0*y. Let m = y + 2. Let s(t) = 5*t - 5*t + 6*t**2. Calculate s(m).
6
Suppose 0 = -5*c + 1 + 9. Suppose 2*v + 14 = c. Let r(b) = b + 2. Give r(v).
-4
Let c be 6*(-2 - (-2)/(-4)*-3). Let n(t) = -t**2 + t - 2. Give n(c).
-14
Let i(k) = 3*k - 4*k + 3 + 6. Suppose -3*a + 6*c = 2*c - 7, -3*a + 37 = 2*c. Let b be i(a). Let u(s) = s**3 - s**2 - 8. Give u(b).
-8
Let r(h) = -2*h + 1. Suppose 0 = -3*o - 5*j, -6 = o - 4*o - 3*j. Let s = o - 7. Give r(s).
5
Let r(b) be the first derivative of -b**2 + 11*b + 30. Calculate r(8).
-5
Let l be (-48)/120 - (-34)/10. Let k(t) be the third derivative of -1/6*t**l + 0 - t**2 - 1/12*t**4 + 0*t. Determine k(1).
-3
Let s(h) = -h**3 + 8*h**2 + 8*h + 6. Let z be (0 - 1)/(6/(-54)*1). What is s(z)?
-3
Let r(g) = -g + 4. Let v = -1 + 9. Calculate r(v).
-4
Let w(n) = -3*n**2 + 1 + 9 - n**3 - 5 + 7*n. What is w(-4)?
-7
Let d(y) = y**3 + 7*y**2 + 4. Let w be d(-7). Let z(q) = -4*q + 4*q - 6*q**2 + 0*q - q**3 - w*q. Let j = 7 + -12. Calculate z(j).
-5
Let n(s) = s - s - 3*s + 2*s + 1. Let z be n(1). Let x(k) be the second derivative of -k**3/6 + k**2/2 + 7*k. Give x(z).
1
Let n(l) be the first derivative of l**2 + l - 3. Let a be (-3 - 0)*2/(-6). What is n(a)?
3
Let r(b) = -5*b**2 - 2*b - 13. Let c(i) = -i**2 + 1. Let m(s) = -s - 10. Let a(z) = -6*c(z) - 2*m(z). Let j(o) = 6*a(o) + 7*r(o). What is j(5)?
8
Let d be (6/(-2))/(-4 + 3). Let t(x) be the third derivative of 0 + 0*x + 1/24*x**4 + 1/2*x**3 + x**2. What is t(d)?
6
Let f(q) = -q**3 - 5*q**2 - 4*q + 2. Suppose k + 11 = 2*h + h, 5*k = h - 13. Suppose -p + 4 = 3*s + h, 0 = -5*s - 3*p + 7. Let c be 2*(1 - -1)*s. What is f(c)?
2
Let d(l) be the first derivative of -5/2*l**2 + l + 3. Calculate d(-1).
6
Suppose -2 = -3*l - 8. Let k(y) = 3*y + 3. Calculate k(l).
-3
Suppose d - 2*d = 8. Let z = d - -13. Let w(x) = -x - 4. Give w(z).
-9
Let s(b) = -2*b**2 + 6*b + 5. Let n(k) = -k**2 + 7*k + 6. Let u(z) = 5*n(z) - 6*s(z). Calculate u(1).
6
Let u(t) be the second derivative of -t**5/20 - t**4/2 - 14*t. What is u(-6)?
0
Suppose 5*v - 4 = 5*u + 6, 3*u + 4 = v. Let r(q) = 8*q**2 - q + 1. What is r(v)?
8
Let v be 1 + 2 + -4 + 3. Let f(p) = p**2 - p. Calculate f(v).
2
Let s(h) = 5*h - 3. Let l(k) = -9*k + 6. Let z(o) = 3*l(o) + 5*s(o). Give z(2).
-1
Let s = -8 - -14. Let u(g) = -g**2 + 8*g - 8. Determine u(s).
4
Let k(q) = -5*q - 2. Let c be (-55)/20 + 12/16. Determine k(c).
8
Let t(r) = 4*r - 6. Let s be (-2)/(-3*8/60). Calculate t(s).
14
Let h(c) = 5*c + 5. Let d(b) = -b - 1. Let j(x) = 6*d(x) + h(x). Let t = 82 + -80. Give j(t).
-3
Let g(c) = -c**3 + 5*c**2 + 6*c + 6. Suppose -a = -3*a + 8. Let u be (-1 - (a + -2))*-2. Determine g(u).
6
Let v(w) = -3*w**2 - 2*w + 1. Suppose -5*z = -3*q + 18, 5*z + q = -2 - 12. Let a(i) = -i**3 + 7*i**2 - 5*i - 5. Let y be a(6). Let o = z + y. What is v(o)?
-7
Let l(h) be the first derivative of -h**5/60 + h**4/6 + 2*h**3/3 - 1. Let g(c) be the third derivative of l(c). Give g(3).
-2
Let m(s) = -1 + 2 - 2 - s**2 + 5*s. Give m(4).
3
Let f(r) = r**3 - 8*r**2 + 6*r - 4. Let b(n) = -3*n**3 + 25*n**2 - 19*n + 13. Let q(m) = -2*b(m) - 7*f(m). Suppose -4*j = -2*j - 10. Determine q(j).
7
Let k(p) = -p**2 - 2 - 15 + 6 + 13. Determine k(-2).
-2
Let u be -3*(-2)/3 - -1. Let v(g) be the third derivative of -g**5/40 + g**4/6 - g**3/3 + g**2. Let i(k) be the first derivative of v(k). Give i(u).
-5
Let f(h) be the second derivative of 0 - 1/60*h**5 + 5/24*h**4 - 2*h + h**2 + h**3. Let d(q) be the first derivative of f(q). Determine d(5).
6
Let k = 122 - 117. Let j(w) = w - 8. Calculate j(k).
-3
Let i = 13 + -9. Suppose -11 = p + 4*t, 4*p = 2*t - 4 - i. Let l(w) = -w**2 - 4*w - 1. What is l(p)?
2
Let i(z) = -2*z - 5. Let p(x) = -2*x - 6. Let a(o) = 4*i(o) - 3*p(o). Determine a(2).
-6
Let c = 10 + -9. Let x(g) = -1. Let i(k) = 4*k + 1. Let h(d) = c*i(d) + x(d). Let t = 0 - 1. What is h(t)?
-4
Let k(p) = -5*p**2 + 13*p + 6. Let q(w) = -w**2 + w. Let d(x) = -k(x) + 6*q(x). Let y be d(-5). Let n(h) = h**3 - 3*h**2 - 4*h + 5. Determine n(y).
5
Let h(n) be the third derivative of n**4/24 + 2*n**3/3 - 9*n**2 + 5*n. Give h(5).
9
Let c(s) be the first derivative of -3*s - 2 + s + 5*s - s**2. Give c(4).
-5
Suppose -4*d + 2 = -g, 3*d + 9 = 4*g + 4*d. Let h(w) be the third derivative of w**6/120 - w**5/20 + w**4/12 + w**3/6 - w**2. Calculate h(g).
1
Let f(a) = -11 - 10 + 19 + a**3 + a - 8*a**2. What is f(8)?
6
Suppose 0 = -4*h - 5*n + 9, -n = 3*h - 3*n + 22. Let s(c) = -2*c - 14. Let j(p) = -p - 7. Let z(y) = h*s(y) + 9*j(y). What is z(0)?
-7
Let j(u) = u**2 - 3. Let f(k) = k**2 + k - 3. Let b(y) = 2*f(y) - 3*j(y). Determine b(4).
-5
Let f(j) = 5*j - 9*j - 4*j + 0*j - 8*j**2 - 9 - j**3. Determine f(-7).
-2
Suppose 2*q = 3*q + 2. Let c be (q/(-4))/((-1)/10). Let x(j) = -j**2 - 8*j + 6. Let f(d) = -3*d**2 - 23*d + 17. Let p(w) = -4*f(w) + 11*x(w). Calculate p(c).
3
Let r(j) = -3*j**2 - 2*j - 2. Let h(v) = v**2 - 7*v + 6. Let s be h(7). Let k(w) = 4*w**2 + 2*w + 2. Let b(i) = s*r(i) + 5*k(i). Calculate b(3).
10
Let v be (-1)/2*(-6 + -2). Let d(r) be the second derivative of 0 + 1/3*r**3 + 3*r - 1/2*r**2 - 1/12*r**v. What is d(2)?
-1
Let h be ((-1)/2)/((-1)/4). Let u(r) = r**2 + 0*r**2 + 0*r**h. Let f(l) = -l**2 + 1. Let k be f(1). Determine u(k).
0
Let c be 11 - (2 - -2 - 2). Let l(y) = -2*y**2 + 1 + 4 - c*y + 3*y**2. Let d be l(9). Let p(i) = i**3 - 4*i**2 - 6*i - 4. Determine p(d).
-9
Suppose -10 = -4*q - q. Let u be q/8*2*10. Let z be 2/u + (-8)/20. Let o(f) = -f**2 + f + 1. Determine o(z).
1
Let w(k) = k + 2. Let m be w(-1). Let i(g) = -15*g**3 + g**2 + g - 1. Determine i(m).
-14
Suppose 15 = -4*n - 3*f, 4*f - 8*f = -12. Let u(w) = -2*w**2 - 8*w - 5. Determine u(n).
-29
Let a(b) = b + 1. Let c(y) = -7. Let l(g) = -g - 2. Let j be l(-5). Let h(n) = j*a(n) + c(n). What is h(3)?
5
Let a(b) = b**3 - 4*b**2 + 4. Suppose k = -r - 3, 3*r + 5*k - 21 = 7*r. Let f = -6 - r. Let g = 1 - f. Give a(g).
-5
Let d be 6/(1 - (0 + -1)). Suppose -4*y + 9 = -d. Let k(g) = -5*g**2 - 3*g - 1. Let v(b) = -6*b**2 - 3*b - 1. Let c(m) = y*v(m) - 4*k(m). Give c(-2).
3
Let m be (-1)/5 - (-123)/15. Suppose -4*i + m = -c + 21, -5*c + 1 = -4*i. Let v(y) = y**3 + 3*y**2 - 4*y - 2. Cal